What is h(17)?
-10
Let f(l) = -11026*l - 1003378. Give f(-91).
-12
Let i(s) = -2757*s + 1331654. Give i(483).
23
Let r(x) = -x**2 + 135782*x - 5158257. Determine r(38).
15
Let t(r) = 3945*r + 2370941. Determine t(-601).
-4
Let c(v) = -372*v + 43166. Determine c(116).
14
Let r(z) = -4*z**2 + 10*z + 537. Determine r(13).
-9
Let k(r) = 3*r**2 - 301*r + 7829. Give k(24).
2333
Let r(h) = -h**3 + 4*h**2 + 2628*h - 7915. Determine r(3).
-22
Let v(l) = -2222*l + 37813. Determine v(17).
39
Let w(v) = 1722*v + 1362124. Calculate w(-791).
22
Let q(y) = 2*y**3 - 11*y**2 - 6*y - 261. Calculate q(12).
1539
Let y(t) = -t**3 - 163*t**2 - 4570*t + 285. Give y(-127).
31
Let u(z) = -z**3 - 19*z**2 + 217*z - 22. Determine u(-23).
-2897
Let k(x) = -x**2 - 112*x - 3018. What is k(-41)?
-107
Let q(f) = f**3 + 87*f**2 - 2596*f + 11052. Calculate q(19).
-6
Let r(k) = -33*k**3 + 160*k**2 + 6*k + 2. Calculate r(5).
-93
Let s(i) = i**3 + 11*i**2 - 1904*i - 5774. Determine s(-3).
10
Let h(p) = -p**2 + 1588*p + 131693. Determine h(-79).
0
Let r(u) = -59*u**2 + 7492*u + 192. What is r(127)?
65
Let a(n) = 18081*n + 379720. What is a(-21)?
19
Let f(t) = -745*t + 33920. Determine f(46).
-350
Let p(q) = 437*q + 51094. What is p(-117)?
-35
Let u(y) = 17*y**3 - 86*y**2 + 53*y - 240. Determine u(4).
-316
Let c(f) = 5612*f - 566811. Give c(101).
1
Let b(r) = -r**2 + 977*r - 233080. What is b(408)?
-928
Let y(d) = -2*d**2 - 88*d + 438. Give y(-30).
1278
Let p(v) = v**2 + 2120*v - 328404. Give p(145).
21
Let h(f) = 2*f**3 + 89*f**2 + 350*f + 17796. Give h(-45).
21
Let n(p) = p**2 - 280957*p - 1685779. What is n(-6)?
-1
Let k(a) = 60*a**3 - 3*a**2 + 1255*a - 1255. Determine k(1).
57
Let v(q) = -4915*q + 407622. What is v(83)?
-323
Let t(z) = -1675*z - 254018. Give t(-152).
582
Let g(d) = -1501*d + 20486. Calculate g(13).
973
Let k(n) = 8*n**3 - 1346*n**2 + 332*n + 661. What is k(168)?
-11
Let l(v) = -125*v**2 + 50996*v + 1644. Give l(408).
12
Let s(j) = -407*j - 21942. Give s(-54).
36
Let q(s) = 155*s - 176. What is q(1)?
-21
Let r(y) = -2*y**3 - 2004*y**2 - 23766*y - 76. Determine r(-12).
-4
Let w(d) = -11*d**2 + 629*d - 6627. What is w(43)?
81
Let r(a) = -31047*a + 1303978. Determine r(42).
4
Let w(d) = -119*d**2 - 205*d + 623. Give w(3).
-1063
Let h(g) = g**3 + 55*g**2 - 390*g + 2175. Determine h(-62).
-553
Let j(u) = 226*u**2 - 405*u - 79. Calculate j(2).
15
Let w(x) = -x**2 - 1398*x - 58275. Give w(-43).
-10
Let a(i) = 4*i**3 - 41*i**2 + 92*i - 17. Give a(7).
-10
Let l(o) = 7*o**2 - 2654*o - 13445. Determine l(384).
-389
Let a(i) = -63*i - 2892. Calculate a(-16).
-1884
Let k(n) = -29*n**3 + 15*n**2 + 63*n + 24. What is k(-3)?
753
Let j(o) = 7741*o + 735368. What is j(-95)?
-27
Let f(s) = 13948*s + 2678014. Calculate f(-192).
-2
Let c(i) = -29*i**2 + 1796*i - 14439. Determine c(8).
-1927
Let a(r) = 804213*r - 4021084. What is a(5)?
-19
Let k(z) = 13*z**2 - 106*z - 132. Give k(14).
932
Let a(v) = -2087917*v - 3. Determine a(0).
-3
Let y(g) = -g**2 + 767754*g + 9213189. Give y(-12).
-3
Let q(n) = 8117*n - 65129. Give q(8).
-193
Let k(s) = s**3 - 7418*s - 44468. Give k(-6).
-176
Let f(k) = -334*k - 17959. Determine f(-47).
-2261
Let z(b) = -158*b**2 - 43780*b - 3869. What is z(-277)?
9
Let o(l) = -2*l**2 + 594*l + 251580. Calculate o(533).
4
Let d(l) = 1490*l + 50582. Determine d(-34).
-78
Let z(g) = -151*g**2 + 18403*g + 2315. Determine z(122).
-3
Let w(k) = 101043*k - 808352. What is w(8)?
-8
Let t(d) = 2*d**3 - 148*d**2 - 66*d + 5181. Calculate t(74).
297
Let h(i) = 2*i**3 + 250*i**2 - 496*i + 1277. What is h(-127)?
-247
Let u(p) = -31500*p + 2488459. Determine u(79).
-41
Let q(i) = 5886*i + 11908. Calculate q(-2).
136
Let o(l) = -2912351*l + 32035866. What is o(11)?
5
Let a(f) = -f**3 - 351*f**2 - 8154*f - 148. Give a(-25).
-48
Let u(b) = 22*b**2 + 268*b - 1257. Determine u(5).
633
Let s(a) = a**3 + 31*a**2 + 1054*a + 26353. Calculate s(-27).
811
Let x(g) = 2*g**2 + 10*g - 70. What is x(27)?
1658
Let s(p) = -2*p**3 - 69*p**2 - 608*p - 144. Calculate s(-16).
112
Let l(c) = -3*c**3 - 101*c**2 - 399*c + 256. Calculate l(-29).
53
Let y(f) = 8*f**3 - 226*f**2 + 62*f - 62. Determine y(28).
106
Let r(t) = -3*t**2 - 380*t + 17734. What is r(-163)?
-33
Let v(o) = -4*o**3 - 37*o**2 + 768*o + 107. Calculate v(10).
87
Let j(u) = 9*u**3 + 14*u**2 + 54194*u + 162575. What is j(-3)?
-124
Let v(t) = -t**2 + 56*t + 423. Give v(18).
1107
Let m(d) = -6*d**3 + 105*d**2 - 443*d + 2. What is m(10)?
72
Let y(h) = -241224*h - 2653469. Determine y(-11).
-5
Let o(u) = -4*u**2 + 291*u - 3390. Determine o(58).
32
Let o(u) = -556*u + 21843. Calculate o(38).
715
Let v(m) = -6667894*m - 60011052. Give v(-9).
-6
Let a(p) = 60519*p - 6899172. What is a(114)?
-6
Let l(n) = 12566*n + 716255. What is l(-57)?
-7
Let n(y) = 3876*y**2 + 1357*y + 1357. Give n(-1).
3876
Let h(b) = -975*b**2 - 12692*b - 232. Calculate h(-13).
-11
Let p(c) = c**2 - 14*c + 536. What is p(21)?
683
Let x(g) = 241*g - 25545. Give x(106).
1
Let i(t) = 2736*t + 2715. Give i(-1).
-21
Let c(s) = s**2 - 16939*s + 118528. What is c(7)?
4
Let j(h) = -18*h**3 - 470*h**2 + 756*h + 20999. Calculate j(-26).
-9
Let m(u) = -120*u**3 + 161*u**2 + 155*u - 9. Calculate m(-1).
117
Let n(c) = 2*c**2 - 13423*c - 174832. Calculate n(-13).
5
Let j(i) = i**3 - 2*i**2 - 27*i + 241. Determine j(7).
297
Let k(a) = -599*a - 67059. Give k(-112).
29
Let u(x) = -252334*x + 2018682. Calculate u(8).
10
Let t(h) = -57*h**2 - 23793*h - 23794. Calculate t(-1).
-58
Let g(h) = 63*h**2 - 305*h - 345. Determine g(6).
93
Let z(d) = 3*d**2 - 1605*d + 15760. Give z(10).
10
Let d(h) = -1133*h + 11558. Calculate d(10).
228
Let x(z) = 45*z**2 + 4153*z + 8294. Calculate x(-2).
168
Let f(i) = -2947*i + 17589. Give f(6).
-93
Let b(t) = -19354*t + 19467. Calculate b(1).
113
Let l(v) = -66159*v + 330790. Give l(5).
-5
Let z(s) = -8*s**3 - 22*s**2 - 48*s - 3. Calculate z(-5).
687
Let z(k) = k**2 + 3721*k + 593534. Calculate z(-167).
16
Let u(r) = -659*r - 7602. Determine u(-11).
-353
Let h(k) = k**3 + 77*k**2 + 1352*k + 78. What is h(-50)?
-22
Let v(a) = -46*a**3 + 8*a**2 + 898*a - 1839. Give v(2).
-379
Let s(v) = -3*v**2 + 326*v - 5504. What is s(21)?
19
Let b(q) = 11*q**3 - 8*q**2 + 4033*q - 8045. Give b(2).
77
Let x(j) = -j**2 + 43408*j + 14169171. What is x(-324)?
3
Let t(w) = -1859*w - 513060. Determine t(-276).
24
Let t(u) = -u**3 + 9*u**2 - 13297*u + 146541. Give t(11).
32
Let f(h) = -44*h**2 - 64*h + 264. Give f(5).
-1156
Let h(z) = 60378*z - 6641529. Give h(110).
51
Let k(o) = o**3 - 446*o**2 - 1796*o + 22. Give k(-4).
6
Let p(d) = -d**3 - 23*d**2 + 389*d + 88. What is p(-34)?
-422
Let k(l) = 2*l**2 + 962*l - 28814. Give k(28).
-310
Let q(n) = n**3 - 29*n**2 + 288*n + 62. Determine q(19).
1924
Let x(b) = -6568*b - 10114710. What is x(-1540)?
10
Let k(o) = -629*o - 5541. Give k(-9).
120
Let m(v) = 22042*v - 112641. What is m(5)?
-2431
Let m(z) = 3*z**2 - 114*z + 1088. Calculate m(20).
8
Let r(q) = -494*q + 38541. Give r(78).
9
Let i(n) = -102*n**2 - 3974*n + 168. Determine i(-39).
12
Let x(c) = 2*c**3 - 1331*c**2 - 51984*c + 24. What is x(-37)?
-13
Let m(j) = -13196*j**3 + 211137*j**2 - 9*j - 110. Determine m(16).
2
Let f(b) = b**3 + 112*b**2 + 3133*b + 327. Determine f(-53).
9
Let k(d) = -1204*d - 25358. What is k(-21)?
-74
Let f(o) = -1540*o - 201749. What is f(-131)?
-9
Let v(j) = j**3 + 14*j**2 - 5*j + 14. What is v(-15)?
-136
Let r(c) = 1020593*c - 41844327. What is r(41)?
-14
Let j(a) = 174965*a - 174975. Calculate j(1).
-10
Let p(t) = 1768*t - 28116. Determine p(16).
172
Let f(t) = -11*t**2 - 146*t - 541. Calculate f(-8).
-77
Let x(w) = -188*w - 87. Give x(-4).
665
Let s(g) = -4*g**2 + 56*g - 1010. What is s(27)?
-2414
Let z(x) = -3*x**3 + 3508*x**2 + 2257*x + 97112. Give z(1170).
2
Let v(q) = -64*q**2 + 3121*q + 564. Give v(49).
-171
Let d(y) = 4913*y + 44215. What is d(-9)?
-2
Let k(g) = 204*g + 49362. Give k(-242).
-6
Let k(d) = -d**2 - 320*d + 18910. Calculate k(51).
-11
Let j(h) = -1272*h + 10187. Calculate j(8).
11
Let v(f) = 1807*f - 126494. Determine v(70).
-4
Let a(l) = 603*l - 413. What is a(2)?
793
Let p(i) = 4*i**2 + 547*i + 2422. Give p(-132).
-86
Let m(z) = 9856*z - 78843. What is m(8)?
5
Let b(t) = -148*t**2 + 139*t + 66. Determine b(4).
-1746
Let v(f) = -2